{"id":284,"date":"2026-01-22T14:37:31","date_gmt":"2026-01-22T14:37:31","guid":{"rendered":"https:\/\/dermaprexmagistral.com\/?post_type=product&#038;p=284"},"modified":"2026-07-09T15:18:23","modified_gmt":"2026-07-09T15:18:23","slug":"dermalash-serum-fortalecedor-de-pestanas-con-biotina-phycocafeil-y-niacinamida","status":"publish","type":"product","link":"https:\/\/dermaprexmagistral.com\/en\/product\/dermalash-serum-fortalecedor-de-pestanas-con-biotina-phycocafeil-y-niacinamida\/","title":{"rendered":"DERMALASH \u2013 S\u00c9RUM FORTALECEDOR DE PESTA\u00d1AS CON BIOTINA, PHYCOCAFEIL Y NIACINAMIDA"},"content":{"rendered":"<p>Dermalash S\u00e9rum Fortalecedor de Pesta\u00f1as est\u00e1 formulado para acompa\u00f1ar el cuidado de pesta\u00f1as que lucen d\u00e9biles, finas o con poca densidad. Su combinaci\u00f3n de activos como biotina, phycocafeil y niacinamida contribuye a fortalecer la fibra capilar desde la ra\u00edz, ayudando a mejorar su apariencia con el uso constante.<\/p>\n<hr \/>\n<h4><img loading=\"lazy\" decoding=\"async\" class=\"alignnone wp-image-16569\" src=\"https:\/\/dermaprexmagistral.com\/wp-content\/uploads\/2026\/01\/skincare_2763315-300x300.png\" alt=\"\" width=\"37\" height=\"37\" srcset=\"https:\/\/dermaprexmagistral.com\/wp-content\/uploads\/2026\/01\/skincare_2763315-300x300.png 300w, https:\/\/dermaprexmagistral.com\/wp-content\/uploads\/2026\/01\/skincare_2763315-150x150.png 150w, https:\/\/dermaprexmagistral.com\/wp-content\/uploads\/2026\/01\/skincare_2763315-12x12.png 12w, https:\/\/dermaprexmagistral.com\/wp-content\/uploads\/2026\/01\/skincare_2763315.png 512w\" sizes=\"auto, (max-width: 37px) 100vw, 37px\" \/>Beneficios:<\/h4>\n<ol>\n<li>\n<h4><strong><img loading=\"lazy\" decoding=\"async\" class=\"alignnone  wp-image-16719\" src=\"https:\/\/dermaprexmagistral.com\/wp-content\/uploads\/2026\/01\/eyelashes_223929-300x300.png\" alt=\"\" width=\"54\" height=\"54\" srcset=\"https:\/\/dermaprexmagistral.com\/wp-content\/uploads\/2026\/01\/eyelashes_223929-300x300.png 300w, https:\/\/dermaprexmagistral.com\/wp-content\/uploads\/2026\/01\/eyelashes_223929-150x150.png 150w, https:\/\/dermaprexmagistral.com\/wp-content\/uploads\/2026\/01\/eyelashes_223929-12x12.png 12w, https:\/\/dermaprexmagistral.com\/wp-content\/uploads\/2026\/01\/eyelashes_223929.png 512w\" sizes=\"auto, (max-width: 54px) 100vw, 54px\" \/>Fortalece pesta\u00f1as desde la ra\u00edz<\/strong><\/h4>\n<p>Contribuye a mejorar la resistencia de las pesta\u00f1as, ayudando a que luzcan m\u00e1s firmes y menos propensas a la ca\u00edda por quiebre.<\/li>\n<li>\n<h4><strong><img loading=\"lazy\" decoding=\"async\" class=\"alignnone  wp-image-16718\" src=\"https:\/\/dermaprexmagistral.com\/wp-content\/uploads\/2026\/01\/mascara_1689792-300x300.png\" alt=\"\" width=\"57\" height=\"57\" srcset=\"https:\/\/dermaprexmagistral.com\/wp-content\/uploads\/2026\/01\/mascara_1689792-300x300.png 300w, https:\/\/dermaprexmagistral.com\/wp-content\/uploads\/2026\/01\/mascara_1689792-150x150.png 150w, https:\/\/dermaprexmagistral.com\/wp-content\/uploads\/2026\/01\/mascara_1689792-12x12.png 12w, https:\/\/dermaprexmagistral.com\/wp-content\/uploads\/2026\/01\/mascara_1689792.png 512w\" sizes=\"auto, (max-width: 57px) 100vw, 57px\" \/>Mejora la apariencia de densidad<\/strong><\/h4>\n<p>Ayuda a que las pesta\u00f1as se vean m\u00e1s pobladas y definidas con el uso continuo, favoreciendo una mirada m\u00e1s destacada.<\/li>\n<li>\n<h4><strong><img loading=\"lazy\" decoding=\"async\" class=\"alignnone  wp-image-16577\" src=\"https:\/\/dermaprexmagistral.com\/wp-content\/uploads\/2026\/01\/feather_5482282-300x300.png\" alt=\"\" width=\"55\" height=\"55\" srcset=\"https:\/\/dermaprexmagistral.com\/wp-content\/uploads\/2026\/01\/feather_5482282-300x300.png 300w, https:\/\/dermaprexmagistral.com\/wp-content\/uploads\/2026\/01\/feather_5482282-150x150.png 150w, https:\/\/dermaprexmagistral.com\/wp-content\/uploads\/2026\/01\/feather_5482282-12x12.png 12w, https:\/\/dermaprexmagistral.com\/wp-content\/uploads\/2026\/01\/feather_5482282.png 512w\" sizes=\"auto, (max-width: 55px) 100vw, 55px\" \/> Aplicaci\u00f3n ligera y precisa<\/strong><\/h4>\n<p>Su textura permite una aplicaci\u00f3n c\u00f3moda sin sensaci\u00f3n pesada, ideal para uso diario sin interferir con otros productos.<\/li>\n<\/ol>","protected":false},"excerpt":{"rendered":"<p>Dermalash es tu aliado diario para lograr una mirada poderosa sin esfuerzo. Su f\u00f3rmula innovadora combina ingredientes activos como la Biotina, el exclusivo Phycocafeil y la Niacinamida, fortaleciendo las pesta\u00f1as desde la ra\u00edz hasta las puntas. Ideal para quienes buscan recuperar densidad, prevenir la ca\u00edda y potenciar el crecimiento natural de sus pesta\u00f1as.<\/p>","protected":false},"featured_media":16720,"comment_status":"open","ping_status":"closed","template":"","meta":{"_acf_changed":false},"product_brand":[],"product_cat":[33],"product_tag":[],"class_list":["post-284","product","type-product","status-publish","has-post-thumbnail","product_cat-dermocosmetica","first","instock","sale","shipping-taxable","purchasable","product-type-simple"],"acf":[],"_links":{"self":[{"href":"https:\/\/dermaprexmagistral.com\/en\/wp-json\/wp\/v2\/product\/284","targetHints":{"allow":["GET"]}}],"collection":[{"href":"https:\/\/dermaprexmagistral.com\/en\/wp-json\/wp\/v2\/product"}],"about":[{"href":"https:\/\/dermaprexmagistral.com\/en\/wp-json\/wp\/v2\/types\/product"}],"replies":[{"embeddable":true,"href":"https:\/\/dermaprexmagistral.com\/en\/wp-json\/wp\/v2\/comments?post=284"}],"version-history":[{"count":2,"href":"https:\/\/dermaprexmagistral.com\/en\/wp-json\/wp\/v2\/product\/284\/revisions"}],"predecessor-version":[{"id":16721,"href":"https:\/\/dermaprexmagistral.com\/en\/wp-json\/wp\/v2\/product\/284\/revisions\/16721"}],"wp:featuredmedia":[{"embeddable":true,"href":"https:\/\/dermaprexmagistral.com\/en\/wp-json\/wp\/v2\/media\/16720"}],"wp:attachment":[{"href":"https:\/\/dermaprexmagistral.com\/en\/wp-json\/wp\/v2\/media?parent=284"}],"wp:term":[{"taxonomy":"product_brand","embeddable":true,"href":"https:\/\/dermaprexmagistral.com\/en\/wp-json\/wp\/v2\/product_brand?post=284"},{"taxonomy":"product_cat","embeddable":true,"href":"https:\/\/dermaprexmagistral.com\/en\/wp-json\/wp\/v2\/product_cat?post=284"},{"taxonomy":"product_tag","embeddable":true,"href":"https:\/\/dermaprexmagistral.com\/en\/wp-json\/wp\/v2\/product_tag?post=284"}],"curies":[{"name":"wp","href":"https:\/\/api.w.org\/{rel}","templated":true}]}}

DERMALASH – SÉRUM FORTALECEDOR DE PESTAÑAS CON BIOTINA, PHYCOCAFEIL Y NIACINAMIDA

<p>Dermalash Sérum Fortalecedor de Pestañas está formulado para acompañar el cuidado de pestañas que lucen débiles, finas o con poca densidad. Su combinación de activos como biotina, phycocafeil y niacinamida contribuye a fortalecer la fibra capilar desde la raíz, ayudando a mejorar su apariencia con el uso constante.</p>
<hr />
<h4><img loading="lazy" decoding="async" class="alignnone wp-image-16569" src="https://dermaprexmagistral.com/wp-content/uploads/2026/01/skincare_2763315-300x300.png" alt="" width="37" height="37" srcset="https://dermaprexmagistral.com/wp-content/uploads/2026/01/skincare_2763315-300x300.png 300w, https://dermaprexmagistral.com/wp-content/uploads/2026/01/skincare_2763315-150x150.png 150w, https://dermaprexmagistral.com/wp-content/uploads/2026/01/skincare_2763315-12x12.png 12w, https://dermaprexmagistral.com/wp-content/uploads/2026/01/skincare_2763315.png 512w" sizes="auto, (max-width: 37px) 100vw, 37px" />Beneficios:</h4>
<ol>
<li>
<h4><strong><img loading="lazy" decoding="async" class="alignnone  wp-image-16719" src="https://dermaprexmagistral.com/wp-content/uploads/2026/01/eyelashes_223929-300x300.png" alt="" width="54" height="54" srcset="https://dermaprexmagistral.com/wp-content/uploads/2026/01/eyelashes_223929-300x300.png 300w, https://dermaprexmagistral.com/wp-content/uploads/2026/01/eyelashes_223929-150x150.png 150w, https://dermaprexmagistral.com/wp-content/uploads/2026/01/eyelashes_223929-12x12.png 12w, https://dermaprexmagistral.com/wp-content/uploads/2026/01/eyelashes_223929.png 512w" sizes="auto, (max-width: 54px) 100vw, 54px" />Fortalece pestañas desde la raíz</strong></h4>
<p>Contribuye a mejorar la resistencia de las pestañas, ayudando a que luzcan más firmes y menos propensas a la caída por quiebre.</li>
<li>
<h4><strong><img loading="lazy" decoding="async" class="alignnone  wp-image-16718" src="https://dermaprexmagistral.com/wp-content/uploads/2026/01/mascara_1689792-300x300.png" alt="" width="57" height="57" srcset="https://dermaprexmagistral.com/wp-content/uploads/2026/01/mascara_1689792-300x300.png 300w, https://dermaprexmagistral.com/wp-content/uploads/2026/01/mascara_1689792-150x150.png 150w, https://dermaprexmagistral.com/wp-content/uploads/2026/01/mascara_1689792-12x12.png 12w, https://dermaprexmagistral.com/wp-content/uploads/2026/01/mascara_1689792.png 512w" sizes="auto, (max-width: 57px) 100vw, 57px" />Mejora la apariencia de densidad</strong></h4>
<p>Ayuda a que las pestañas se vean más pobladas y definidas con el uso continuo, favoreciendo una mirada más destacada.</li>
<li>
<h4><strong><img loading="lazy" decoding="async" class="alignnone  wp-image-16577" src="https://dermaprexmagistral.com/wp-content/uploads/2026/01/feather_5482282-300x300.png" alt="" width="55" height="55" srcset="https://dermaprexmagistral.com/wp-content/uploads/2026/01/feather_5482282-300x300.png 300w, https://dermaprexmagistral.com/wp-content/uploads/2026/01/feather_5482282-150x150.png 150w, https://dermaprexmagistral.com/wp-content/uploads/2026/01/feather_5482282-12x12.png 12w, https://dermaprexmagistral.com/wp-content/uploads/2026/01/feather_5482282.png 512w" sizes="auto, (max-width: 55px) 100vw, 55px" /> Aplicación ligera y precisa</strong></h4>
<p>Su textura permite una aplicación cómoda sin sensación pesada, ideal para uso diario sin interferir con otros productos.</li>
</ol>

<p>Dermalash es tu aliado diario para lograr una mirada poderosa sin esfuerzo. Su fórmula innovadora combina ingredientes activos como la Biotina, el exclusivo Phycocafeil y la Niacinamida, fortaleciendo las pestañas desde la raíz hasta las puntas. Ideal para quienes buscan recuperar densidad, prevenir la caída y potenciar el crecimiento natural de sus pestañas.</p>
